39 is divided by 290.
289
Calculate the remainder when 5723182 is divided by 94.
86
What is the remainder when 8220254 is divided by 2300?
54
Calculate the remainder when 11791347 is divided by 1058.
995
What is the remainder when 20468028 is divided by 213?
6
What is the remainder when 24482966 is divided by 1637?
1631
What is the remainder when 10080955 is divided by 438302?
9
What is the remainder when 6090433 is divided by 2030116?
85
What is the remainder when 9150070 is divided by 415890?
490
Calculate the remainder when 999454432 is divided by 2566.
2564
Calculate the remainder when 2148023 is divided by 6.
5
What is the remainder when 68316 is divided by 68292?
24
Calculate the remainder when 1102060 is divided by 3280.
3260
What is the remainder when 13843604 is divided by 7487?
141
Calculate the remainder when 9766520 is divided by 18674.
18
What is the remainder when 9475809 is divided by 670?
669
Calculate the remainder when 22067595 is divided by 31.
28
What is the remainder when 10713648 is divided by 13?
10
Calculate the remainder when 15775457 is divided by 4506.
4457
Calculate the remainder when 7981234 is divided by 227.
141
Calculate the remainder when 438706 is divided by 1820.
86
Calculate the remainder when 58859 is divided by 392.
59
What is the remainder when 4051972 is divided by 710?
2
What is the remainder when 6606137 is divided by 42?
41
What is the remainder when 144769017 is divided by 110?
107
What is the remainder when 40351 is divided by 51?
10
What is the remainder when 638028 is divided by 127600?
28
What is the remainder when 47974 is divided by 14949?
3127
Calculate the remainder when 1389082 is divided by 206.
24
What is the remainder when 4233240 is divided by 1906?
14
Calculate the remainder when 236064 is divided by 236026.
38
Calculate the remainder when 8217 is divided by 927.
801
What is the remainder when 3308982 is divided by 1422?
1410
Calculate the remainder when 824566 is divided by 8083.
100
Calculate the remainder when 772294 is divided by 1874.
206
What is the remainder when 1402042 is divided by 65?
57
What is the remainder when 362314 is divided by 143?
95
What is the remainder when 107343 is divided by 258?
15
Calculate the remainder when 1567683 is divided by 120.
3
Calculate the remainder when 9350726 is divided by 72.
14
Calculate the remainder when 35471 is divided by 85.
26
Calculate the remainder when 104143536 is divided by 275512.
0
What is the remainder when 75602 is divided by 72470?
3132
Calculate the remainder when 766703 is divided by 255559.
26
What is the remainder when 4634825 is divided by 58?
45
Calculate the remainder when 99650053 is divided by 164439.
19
Calculate the remainder when 10667126 is divided by 1185221.
137
What is the remainder when 1506074 is divided by 53?
26
What is the remainder when 299453 is divided by 344?
173
Calculate the remainder when 11300481 is divided by 34878.
9
What is the remainder when 31626008 is divided by 1742?
1740
What is the remainder when 607006 is divided by 59?
14
What is the remainder when 260507 is divided by 41?
34
Calculate the remainder when 87519 is divided by 25.
19
What is the remainder when 61956 is divided by 2373?
258
Calculate the remainder when 122418 is divided by 1935.
513
Calculate the remainder when 873469 is divided by 32349.
46
What is the remainder when 1476181 is divided by 3230?
71
What is the remainder when 4019111 is divided by 515?
51
What is the remainder when 2085796 is divided by 25130?
6
What is the remainder when 159751197 is divided by 1850?
1847
Calculate the remainder when 2487482 is divided by 621845.
102
Calculate the remainder when 144501264 is divided by 7.
5
Calculate the remainder when 35919 is divided by 11754.
657
Calculate the remainder when 2516157 is divided by 174.
117
What is the remainder when 4738255 is divided by 45?
25
What is the remainder when 201035 is divided by 1058?
15
What is the remainder when 4691 is divided by 1164?
35
Calculate the remainder when 696101 is divided by 114.
17
Calculate the remainder when 4911229 is divided by 277.
19
Calculate the remainder when 2743699 is divided by 914238.
985
Calculate the remainder when 226362 is divided by 273.
45
What is the remainder when 73104577 is divided by 4410?
7
Calculate the remainder when 5082667 is divided by 282363.
133
What is the remainder when 39788 is divided by 4949?
196
Calculate the remainder when 21462145 is divided by 7.
5
What is the remainder when 2125947 is divided by 50?
47
What is the remainder when 113178 is divided by 56500?
178
Calculate the remainder when 21000 is divided by 100.
0
What is the remainder when 53966398 is divided by 24?
22
Calculate the remainder when 742560 is divided by 742324.
236
Calculate the remainder when 30388504 is divided by 169768.
32
What is the remainder when 1241383 is divided by 6974?
11
What is the remainder when 880257 is divided by 3493?
21
Calculate the remainder when 119909 is divided by 1122.
977
Calculate the remainder when 41376 is divided by 1876.
104
What is the remainder when 16414604 is divided by 2344940?
24
What is the remainder when 1051683 is divided by 1051681?
2
What is the remainder when 375842 is divided by 375680?
162
Calculate the remainder when 8698915 is divided by 2174710.
75
What is the remainder when 854892 is divided by 284912?
156
What is the remainder when 84816173 is divided by 1879?
1871
What is the remainder when 15601633 is divided by 866750?
133
Calculate the remainder when 471979 is divided by 26218.
55
Calculate the remainder when 92644129 is divided by 135.
109
Calculate the remainder when 112580288 is divided by 5455.
5453
Calculate the remainder when 482521 is divided by 120557.
293
Calculate the remainder when 1772932 is divided by 79.
14
Calculate the remainder when 52352838 is divided by 1090684.
6
What is the remainder when 188158 is divided by 1680?
1678
What is the remainder when 238394 is divided by 47?
10
What is the remainder when 101082 is divided by 1620?
642
Calculate the remainder when 291690 is divided by 40.
10
Calculate the remainder when 63221043 is divided by 112.
67
What is the remainder when 109635934 is divided by 4645?
4644
What is the remainder when 167186 is divided by 53865?
5591
Calculate the remainder when 950461 is divided by 47523.
1
Calculate the remainder when 287857587 is divided by 97.
96
What is the remainder when 1102474 is divided by 1102425?
49
Calculate the remainder when 523866 is divided by 130305.
2646
What is the remainder when 621780 is divided by 164?
56
Calculate the remainder when 147555 is divided by 947.
770
What is the remainder when 163534 is divided by 1097?
81
Calculate the remainder when 146079 is divided by 3299.
923
Calculate the remainder when 79079341 is divided by 16468.
5
Calculate the remainder when 29792 is divided by 29730.
62
Calculate the remainder when 5761906 is divided by 1471.
1470
Calculate the remainder when 6330853 is divided by 104.
61
Calculate the remainder when 2254012 is divided by 1126987.
38
What is the remainder when 11424670 is divided by 3604?
3594
Calculate the remainder when 18394361 is divided by 1272.
1241
Calculate the remainder when 13047775 is divided by 739.
730
Calculate the remainder when 578915 is divided by 3307.
190
What is the remainder when 218226 is divided by 109109?
8
Calculate the remainder when 558985 is divided by 186297.
94
Calculate the remainder when 55462 is divided by 1053.
706
What is the remainder when 100840 is divided by 9133?
377
What is the remainder when 291425 is divided by 58280?
25
What is the remainder when 21393046 is divided by 51?
25
What is the remainder when 97729 is divided by 290?
289
Calculate the remainder when 12659067 is divided by 275.
267
Calculate the remainder when 192118 is divided by 31259.
4564
Calculate the remainder when 903418 is divided by 763.
26
What is the remainder when 318581 is divided by 106193?
2
Calculate the remainder when 1395415 is divided by 465133.
16
What is the remainder when 1703404 is divided by 425821?
120
What is the remainder when 36741556 is divided by 3859?
17
Calculate the remainder when 352979040 is divided by 18.
12
Calculate the remainder when 449784 is divided by 